06098151.
103, 10738817
What are the prime factors of 376498239?
3, 13, 43, 461, 487
List the prime factors of 16766142.
2, 3, 2794357
List the prime factors of 138388051.
461, 300191
What are the prime factors of 322265151?
3, 13, 2754403
List the prime factors of 432523675.
5, 3067, 5641
What are the prime factors of 1084063278?
2, 3, 19, 23, 643
List the prime factors of 660004462.
2, 13, 107, 131, 1811
What are the prime factors of 254438418?
2, 3, 13, 37, 131, 673
List the prime factors of 939800507.
109, 8622023
What are the prime factors of 554159308?
2, 53, 653, 4003
What are the prime factors of 10717609?
7, 23, 66569
List the prime factors of 50970918.
2, 3, 631, 13463
What are the prime factors of 3428414959?
5273, 650183
List the prime factors of 279928533.
3, 93309511
List the prime factors of 2551669507.
1823, 1399709
What are the prime factors of 5880867923?
7, 41, 181, 113209
What are the prime factors of 6347763160?
2, 5, 2729, 58151
List the prime factors of 42251720.
2, 5, 7, 21557
What are the prime factors of 877264315?
5, 175452863
What are the prime factors of 581637116?
2, 17, 8553487
What are the prime factors of 257778304?
2, 7, 173, 1663
List the prime factors of 61280809.
23, 47, 83, 683
What are the prime factors of 26995887?
3, 2999543
List the prime factors of 25408590.
2, 3, 5, 846953
List the prime factors of 178738400.
2, 5, 223423
List the prime factors of 81938457.
3, 103, 157, 563
What are the prime factors of 159174762?
2, 3, 26529127
What are the prime factors of 151017136?
2, 9438571
What are the prime factors of 75562564?
2, 7, 11, 22303
What are the prime factors of 7822150911?
3, 59, 4910327
What are the prime factors of 552332669?
7, 17, 4641451
What are the prime factors of 530486812?
2, 23, 5766161
What are the prime factors of 178526861?
31, 59, 97609
List the prime factors of 375003129.
3, 43, 911, 3191
List the prime factors of 64004069.
163, 392663
List the prime factors of 6369791144.
2, 2699, 295007
List the prime factors of 1316369.
223, 5903
List the prime factors of 1145228289.
3, 381742763
List the prime factors of 478666081.
137, 401, 8713
What are the prime factors of 28853099?
11, 271, 9679
What are the prime factors of 39130925?
5, 223, 7019
What are the prime factors of 1832496716?
2, 127, 3607277
What are the prime factors of 117675221?
117675221
List the prime factors of 386179182.
2, 3, 1583, 13553
What are the prime factors of 85388600?
2, 5, 11, 37, 1049
List the prime factors of 2900098875.
3, 5, 7733597
What are the prime factors of 57363762?
2, 3, 9560627
List the prime factors of 452790495.
3, 5, 17, 31, 61, 313
List the prime factors of 16742369.
7, 341681
What are the prime factors of 1598917053?
3, 911, 585041
What are the prime factors of 556098180?
2, 3, 5, 11, 359, 2347
What are the prime factors of 312130187?
37, 8435951
What are the prime factors of 1762934525?
5, 11, 83, 77237
List the prime factors of 988786228.
2, 13469, 18353
List the prime factors of 204824483.
17, 12048499
List the prime factors of 65219273.
7, 337, 27647
What are the prime factors of 1676354289?
3, 558784763
What are the prime factors of 2719017693?
3, 7, 2055191
What are the prime factors of 1038113185?
5, 179, 317, 3659
List the prime factors of 3655994115.
3, 5, 243732941
List the prime factors of 44216693.
44216693
What are the prime factors of 66923425?
5, 233, 11489
List the prime factors of 423346459.
853, 496303
List the prime factors of 73196062.
2, 43, 851117
List the prime factors of 4008474431.
13, 23, 13406269
List the prime factors of 19999251.
3, 740713
What are the prime factors of 265550637?
3, 11, 8046989
List the prime factors of 278516793.
3, 92838931
What are the prime factors of 285030179?
7, 73, 557789
What are the prime factors of 81707209?
81707209
List the prime factors of 1961145406.
2, 11, 47, 1896659
List the prime factors of 92971178.
2, 46485589
What are the prime factors of 4579296761?
13, 19, 18539663
What are the prime factors of 1382047426?
2, 271, 2549903
List the prime factors of 4744021015.
5, 107, 373, 23773
What are the prime factors of 44808182?
2, 22404091
What are the prime factors of 38918197?
38918197
List the prime factors of 60367203.
3, 13, 23, 22433
What are the prime factors of 37483259?
11, 309779
List the prime factors of 788706832.
2, 41, 569, 2113
List the prime factors of 79480972.
2, 19870243
What are the prime factors of 32027872?
2, 569, 1759
What are the prime factors of 254354225?
5, 31, 109, 3011
List the prime factors of 5180715114.
2, 3, 863452519
What are the prime factors of 407566833?
3, 135855611
What are the prime factors of 7772200?
2, 5, 38861
What are the prime factors of 215141320?
2, 5, 5378533
List the prime factors of 925932241.
13, 421453
List the prime factors of 1713652769.
19, 41, 67, 32833
List the prime factors of 781739457.
3, 29, 389, 23099
List the prime factors of 112908230.
2, 5, 1229, 9187
List the prime factors of 312681894.
2, 3, 7, 37, 201211
List the prime factors of 1322106819.
3, 11, 40063843
What are the prime factors of 70649891?
13, 89, 227, 269
What are the prime factors of 385102115?
5, 443, 173861
List the prime factors of 432150714.
2, 3, 89, 97, 103
What are the prime factors of 26262569?
17, 109, 14173
List the prime factors of 408515817.
3, 67, 2032417
List the prime factors of 23836582.
2, 7, 11, 31, 4993
What are the prime factors of 2031599007?
3, 109, 2070947
What are the prime factors of 3070220597?
43, 71400479
List the prime factors of 1978161495.
3, 5, 137, 962609
List the prime factors of 2403519430.
2, 5, 13, 18488611
List the prime factors of 1793631293.
19, 94401647
What are the prime factors of 171946463?
13, 73, 409, 443
What are the prime factors of 3765971651?
13, 289690127
List the prime factors of 529043822.
2, 264521911
What are the prime factors of 617199542?
2, 308599771
What are the prime factors of 171468140?
2, 5, 251, 34157
What are the prime factors of 4715901305?
5, 943180261
List the prime factors of 1804085429.
1804085429
List the prime factors of 471512848.
2, 29469553
List the prime factors of 2502335757.
3, 17, 479, 102433
List the prime factors of 171997984.
2, 173, 31069
What are the prime factors of 1575458498?
2, 1571, 501419
List the prime factors of 193957738.
2, 13, 19, 199, 1973
What are the prime factors of 312751710?
2, 3, 5, 73, 181, 263
What are the prime factors of 922543517?
7, 131791931
List the prime factors of 1453204371.
3, 89, 797, 6829
What are the prime factors of 31607876?
2, 47, 168127
What are the prime factors of 48370635?
3, 5, 358301
List the prime factors of 602473415.
5, 120494683
What are the prime factors of 192597651?
3, 21399739
List the prime factors of 1998119320.
2, 5, 49952983
List the prime factors of 3382266644.
2, 37, 89, 461, 557
List the prime factors of 83443722.
2, 3, 13907287
List the prime factors of 671595522.
2, 3, 13, 662323
List the prime factors of 7637637.
3, 7, 367, 991
List the prime factors of 494906828.
2, 13, 9517439
List the prime factors of 500528390.
2, 5, 50052839
What are the prime factors of 105581116?
2, 26395279
List the prime factors of 1439600095.
5, 331, 869849
List the prime factors of 991676218.
2, 13, 47, 811519
List the prime factors of 18712709.
18712709
List the prime factors of 37470413.
19, 31, 63617
List the prime factors of 21431919.
3, 113, 191, 331
What are the prime factors of 1221629089?
29, 157, 1709
List the prime factors of 56377022.
2, 13, 2168347
What are the prime factors of 1186745524?
2, 73, 4064197
List the prime factors of 323257837.
7, 46179691
What are the prime factors of 137298632?
2, 911, 18839
List the prime factors of 6629522630.
2, 5, 662952263
What are the prime factors of 181900945?
5, 5903, 6163
What are the prime factors of 72610783?
7, 2237, 4637
List the prime factors of 3338870655.
3, 5, 31, 317, 22651
What are the prime factors of 2871848224?
2, 7, 43, 298157
List the prime factors of 57676467.
3, 19225489
List the prime factors of 9622731.
3, 17, 188681
List the prime factors of 146337272.
2, 18292159
List the prime factors of 1824119719.
19, 23, 1361, 3067
What are the prime factors of 192094214?
2, 13, 181, 40819
List the prime factors of 28763199